f + 2. Let k = 20 - o. Let m(x) = -5*x - 3. Give m(k).
7
Suppose -3*m - z = -8, 5*z = m - 4 - 4. Let a(y) = 3*y**3 - 3*y**3 - 3*y + 2*y**2 - y**m + y**2. Calculate a(2).
-2
Let b(i) = i**2 + 14*i + 21. Let j be (2/(-3))/((-40)/(-720)). Determine b(j).
-3
Let h be -8 + 7 - 18/9. Let f(x) = -x**2 + x. Let a(n) = 4*n**2 - 11*n + 2. Let v(y) = a(y) + 5*f(y). Calculate v(h).
11
Let v(m) be the second derivative of -m**3/3 - 7*m**2/2 + 2*m. Let d(w) = -w**3 - 8*w**2 - 8*w - 4. Let g be d(-7). Suppose 5*q + 22 = -g. Calculate v(q).
3
Let m(f) = -2*f**3 - 15*f**2 + 18*f - 8. Let w(b) = b**3 - 2*b - 1. Let n(d) = -m(d) - w(d). What is n(-16)?
9
Suppose -9*d - 20 = -164. Let i be (d + 8)/6*(-1)/2. Let f(a) = 2*a + 1. Determine f(i).
-3
Let f(l) = -l**2 + l**2 + 0*l + l**2 - l. Let s(d) = -d**3 + d**2 - 2*d + 1. Let h be s(1). Let o be 2*(4/8 + h). Calculate f(o).
2
Let b be (336/(-105))/(2/(-5)*1). Let w(a) = -b + 4*a + 3 + 3. What is w(-2)?
-10
Let j(y) be the second derivative of y**3/6 + 11*y**2/2 + 13*y + 1. Give j(-5).
6
Let n be 612/(-255) + 6/(-20)*2. Let b(k) = k**3 + 2*k**2 - 2*k + 2. Determine b(n).
-1
Let b(n) = n**3 - 2*n**2 - 8*n + 2. Let r be 104/28 + 8/28. Let y(c) = -c**3 + 2*c**2 + 7*c - 1. Let l(v) = r*b(v) + 5*y(v). Calculate l(4).
-17
Let p(z) be the first derivative of z**2/2 - 4*z + 5. Let i be p(8). Let u(g) = 1 + 0*g + i*g + 2 + 0*g. Calculate u(-2).
-5
Let b = -4 + 5. Let i(k) = 3*k**2 + k. Let o be i(b). Let c(a) = 0*a - a + a**2 + o - 4*a. Calculate c(5).
4
Suppose 2*v - 4 = 2*l, 0 = -v + 2*l + 8 - 4. Let c(t) be the third derivative of 1/6*t**3 + v*t + 7/12*t**4 + 7*t**2 + 0. Give c(-1).
-13
Let b(g) = 2*g + 1. Let d be b(1). Let y(x) = -x + 6 + 2*x + 0*x - d*x. Suppose -3*s = 3*w, -3*w + 20 = -w - 3*s. What is y(w)?
-2
Let r = 0 - -4. Let p be (-2)/4 - (-18)/r. Let c be 30/10*p/(-3). Let i(v) = -v**2 - 2*v + 4. Determine i(c).
-4
Suppose -3*m - 5*v - 10 = 0, 3*v = v - 4. Let z(s) = 2026013 - 6*s - s**3 + 3*s + 4*s - 2026012. Give z(m).
1
Let z = -23 - -21. Let v be (36/(-4) - -3)/z. Let u(t) = -5*t - t + v*t. Determine u(-1).
3
Let r(z) = 2*z - 7. Let o = -137 + 143. Give r(o).
5
Let l = 341 + -348. Let m(p) = 2*p + 21. Calculate m(l).
7
Suppose -3*j + 32 - 4 = -4*d, 0 = -d + 5*j - 24. Let h(o) = o**3 + 4*o**2 - 1. What is h(d)?
-1
Let n(j) = j**2 - 12*j + 10. Let f be n(11). Let c(v) be the first derivative of v**4 - v**2/2 - v + 21. Give c(f).
-4
Let n(q) = -q**2 + 6*q + 7. Suppose -5*g + 39 = 29. Suppose -3*u = -b - 4*b + 35, 2*b = g*u + 14. Determine n(b).
0
Suppose 0 = 5*u + 4*w + 10, -u - 3*w + 27 = -8*w. Let s(o) be the first derivative of -3 + 4*o - 1/2*o**u. Calculate s(-6).
10
Let l(u) = -u - 5. Let d(b) = -55*b - 335. Let p be d(-6). Determine l(p).
0
Suppose -4*k - 1 = 15. Let v(g) = -1 + 4*g**2 + 1449*g - 3*g**2 - 1444*g. Determine v(k).
-5
Let p(y) be the second derivative of y**3/6 + y**2 - 5*y. Let b be p(3). Let w(a) = 2*a**3 + 6*a - 3*a**3 + 5*a**2 + 5*a + 7 - 13*a. Give w(b).
-3
Let j(y) = y + 1. Let z(m) = 5*m - 2. Let d(i) = 2*j(i) - z(i). Determine d(-3).
13
Let x be (4/8)/((-3)/6). Let y(f) = 3*f**2 + 1. Give y(x).
4
Let j(o) be the second derivative of -1/2*o**2 + o**3 - 5*o + 0. Give j(2).
11
Let v(x) = -3*x**2 + x. Let g(w) = 17*w**2 - 14*w + 13. Let n(j) = g(j) + 6*v(j). Calculate n(-6).
25
Let s(g) = -g**3 + 15*g**2 + g + 13 - 33*g**2 + 6*g**2. What is s(-12)?
1
Let o(i) = 6*i - 250. Let d be o(40). Let n(x) = -x**3 - 10*x**2 - 3*x - 8. Give n(d).
22
Let n(r) = 3*r - 42. Suppose -3686*k + 3682*k = -80. What is n(k)?
18
Let d(s) = 1 - 7 - 1 - s. Suppose -7*w = 2*w + w. What is d(w)?
-7
Suppose 597 = -20*j + 577. Let k(y) = 3*y**3 + y**2 + y + 1. What is k(j)?
-2
Let i(w) be the first derivative of -w**4/4 - 10*w**3/3 - 11*w**2/2 + 6*w - 38. Determine i(-9).
24
Let j = -14 - -19. Suppose u = 3 - 0, -14 = -q - j*u. Let i(w) be the third derivative of w**6/60 - w**5/30 + w**3/6 + 2*w**2. Give i(q).
-3
Let c(w) = 2*w**3 + 19*w**2 + 9*w + 4. Let h be c(-9). Suppose 4*g = -h - 16. Let d(x) = -x**2 - 6*x - 2. Calculate d(g).
3
Let d(s) be the third derivative of -s**5/30 - s**3 + 16*s**2. Let g be d(0). Let l(r) = r**3 + 7*r**2 + 8*r + 7. Give l(g).
-5
Let k = 20 + -19. Let g = 4 - k. Let r(m) = -m**2 - 2 - 6*m - m + m - g. Determine r(-5).
0
Suppose -26*o + 14 = -19*o. Let b(m) = 3 - 3 - 2*m**2 - m**3 + 4*m**2 + 1. Calculate b(o).
1
Suppose -20 = -15*x + 10. Let h(z) = -2*z**2 - z**2 - 5*z**x + 0*z**2 - z. Determine h(1).
-9
Let g(m) = m**2 - 4*m - 3. Let k be g(-1). Let l(y) = 2*y**2 - 5. Let c(u) = -2*u**2 + 6. Let z(h) = -4*c(h) - 5*l(h). Determine z(k).
-7
Let v(q) = 0*q + 0*q + 2 - q + q**2. Let l = -12 + 14. Suppose -n = -3*j - l*n + 1, -1 = -5*j - n. Calculate v(j).
2
Let x(h) = -h**3 + 6*h**2 - 2*h - 1. Let y be (0 - (-2 - 2))/(-2 + 3). Give x(y).
23
Let s(j) = -j**3 - 4*j**2 + 2*j + 8. Suppose r + 5 = 0, 0 = i - 0*r + 5*r + 28. Give s(i).
-7
Let u(p) = -2*p**2 + p + 6. Let h be (12/(-10))/(5*12/150). Give u(h).
-15
Let o(q) = -q + 4. Let y = -17 - -38. Suppose -4*x + y = -23. Let g = -5 + x. Determine o(g).
-2
Suppose 9*t + 26 = 13*t - 5*w, -2*t + 5*w + 8 = 0. Let a(v) = 3*v - 9. Calculate a(t).
18
Let q(k) = 3*k**2 - 16*k - 11. Let m be q(6). Let r(h) = -1. Let l(f) = -6*f**2 - 2*f + 4. Let w(v) = -l(v) - 3*r(v). Calculate w(m).
7
Let g(i) = -i**3 + 11 + 14 + i - 2*i**2 - 28. What is g(-3)?
3
Let o(c) = 9*c**2 - 2*c + 1. Let m = 11 + 3. Let s = m + -11. Let p be 3 - (0/s - -2). Calculate o(p).
8
Let j(d) be the second derivative of -d**4/12 + d**2/2 + d. Let t(u) = -37*u - 297. Let x be t(-8). Calculate j(x).
0
Suppose 0 = 5*i - 4*d + 19, i = -4*d - 1 + 2. Let g(p) = 3*p**3 + 4*p**2 - p + 6. Let s(f) = -4*f**3 - 4*f**2 + f - 7. Let c(a) = -3*g(a) - 2*s(a). Give c(i).
-16
Let s be (((-3)/(-6))/(-1))/(2/8). Let o(b) be the third derivative of 0 - 1/30*b**5 - b**2 - 1/24*b**4 + 0*b - 1/3*b**3. What is o(s)?
-8
Let p be -2 - (-8)/4 - 8. Let z = p + 13. Let n be z + 2 + 2 + -4. Let y(d) = d**2 - 5*d - 5. Determine y(n).
-5
Suppose -h - 2*h = 0. Suppose -3*o + 9 = -12*b + 14*b, 5*b = -3*o + 9. Let k(g) = 4 - 16*g**3 + 17*g**o - 3 - g + 7. Determine k(h).
8
Suppose -32 = 7*i - 23*i. Let q(u) = 44*u**3 - i*u + 0*u**2 + u**2 + 4*u - 45*u**3. What is q(-2)?
8
Let g(f) = -f + 9. Let m be g(6). Let y(x) = -x**3 + 5*x**2 - 2*x + 1. Let d(k) = 2*k**2 + k - 1. Let v(t) = -d(t) + y(t). Give v(m).
-7
Suppose 15 = 3*w - 3*h, 4*w + h - 6*h - 24 = 0. Let k(m) = 9*m**2 - w - 2 + 2. Give k(1).
8
Let v(x) = -2*x + 2 + 3*x - 707*x**2 + 3*x + 710*x**2. Give v(-2).
6
Let y(d) = 4 + d**2 + d + 2*d + 2*d. Suppose -3*f + 22 = 28. Let l be 3/f*(-170)/(-51). What is y(l)?
4
Let b(p) be the first derivative of -p**4/4 + 2*p**3 - 3*p**2 + 6*p + 74. Give b(5).
1
Let w(j) be the first derivative of 2*j**3 - 15*j**2 + 16*j + 2. Suppose -17 + 9 = 4*i. Let t(k) = k**2 - 6*k + 3. Let d(v) = i*w(v) + 11*t(v). Determine d(-6).
1
Let c(d) = -10*d**3 - 1. Suppose 2 = -i + 5*q - 3, 3*q = -i + 11. Let g be (-9)/15 + (-2)/i. What is c(g)?
9
Let l(i) = i**2 + 2*i + 7. Let r(s) = s**2 + 4*s + 15. Suppose -5*o - 2*b + 22 = 0, 0 = -5*b + 7 - 2. Let w(v) = o*r(v) - 9*l(v). Determine w(-2).
-19
Let s(j) = -61*j**2 - 3*j + 1. Let w be s(1). Let f = -58 - w. Let g(n) be the first derivative of -n**3/3 + 5*n**2/2 + 5*n + 1. Determine g(f).
5
Let x(i) = i**2 - i - 1. Let p(b) = 0*b + 0 + b - 3 + 2. Let h(w) = 3*p(w) - x(w). What is h(3)?
1
Let t(g) = 13*g**3 + 3*g**2 - 17*g - 9. Let i(o) = 7*o**3 - 14*o**3 + 4 + 9*o + 1 - 2*o**2. Let l(y) = 11*i(y) + 6*t(y). Calculate l(5).
11
Let z(x) = -37*x**2 - 10*x + 26. Let w(o) = 23*o**2 + 7*o - 17. Let l(j) = -8*w(j) - 5*z(j). What is l(3)?
-3
Let g(d) = -d**3 + 8*d**2 - 22*d + 60. Let k be g(6). Let i(b) = -b**2 - 9*b + 1. Calculate i(k).
1
Let k(q) be the first derivative of -q**3/3 + 5*q**2/2 + 9*q - 63. Determine k(9).
-27
Let g(f) = f**2 - 5*f + 2. Let t be g(4). Suppose 4*q = 7 + 1. Let u(r) = 2*r + r**2 + 2 - 4*r**q - 4*r. What is u(t)?
-6
Let w(k) be the second derivative of 3*k**3/2 - 26*k**2 - 15*k - 10. What is w(6)?
2
Let u(k) be the first derivative of -2*k - 31 - 1/3*k**3 + 0*k**2. What is u(3)?
-11
Let a = -17 + 20. Let l(f) = -12*f - 5*f**2 + f**2 - f**a + 4*f - 3*f**2. Give l(-6).
12
Le